{"id":275,"date":"2026-03-13T22:41:06","date_gmt":"2026-03-13T20:41:06","guid":{"rendered":"https:\/\/www.saint-joseph-plabennec.org\/?page_id=275"},"modified":"2026-03-13T22:41:07","modified_gmt":"2026-03-13T20:41:07","slug":"erasmus","status":"publish","type":"page","link":"https:\/\/www.saint-joseph-plabennec.org\/index.php\/erasmus\/","title":{"rendered":"Erasmus +"},"content":{"rendered":"\n<p>2025-26<\/p>\n\n\n\n<p><a href=\"https:\/\/www.polarsteps.com\/Stjodeutsch\/24044928-erasmus-hambourg-2026\">Suivez la mobilit\u00e9 \u00e0 Hambourg<\/a> du 15 au 21 mars 2026<\/p>\n\n\n\n<p><a href=\"https:\/\/www.polarsteps.com\/CristinaGOMEZ10\/24026904-hora-de-aventuras\/216048293-saint-ave?s=1dd3e60c-4e04-4a2b-8283-7e690f3db110\">Polarstep<\/a> de la mobilit\u00e9 \u00e0 S\u00e9ville du 8 au 13 f\u00e9vrier 2026<\/p>\n","protected":false},"excerpt":{"rendered":"<p>2025-26 Suivez la mobilit\u00e9 \u00e0 Hambourg du 15 au 21 mars 2026 Polarstep de la mobilit\u00e9 \u00e0 S\u00e9ville du 8 au 13 f\u00e9vrier 2026<\/p>\n","protected":false},"author":1,"featured_media":0,"parent":0,"menu_order":0,"comment_status":"closed","ping_status":"closed","template":"","meta":{"_eb_attr":"","footnotes":""},"class_list":["post-275","page","type-page","status-publish","hentry"],"_links":{"self":[{"href":"https:\/\/www.saint-joseph-plabennec.org\/index.php\/wp-json\/wp\/v2\/pages\/275","targetHints":{"allow":["GET"]}}],"collection":[{"href":"https:\/\/www.saint-joseph-plabennec.org\/index.php\/wp-json\/wp\/v2\/pages"}],"about":[{"href":"https:\/\/www.saint-joseph-plabennec.org\/index.php\/wp-json\/wp\/v2\/types\/page"}],"author":[{"embeddable":true,"href":"https:\/\/www.saint-joseph-plabennec.org\/index.php\/wp-json\/wp\/v2\/users\/1"}],"replies":[{"embeddable":true,"href":"https:\/\/www.saint-joseph-plabennec.org\/index.php\/wp-json\/wp\/v2\/comments?post=275"}],"version-history":[{"count":1,"href":"https:\/\/www.saint-joseph-plabennec.org\/index.php\/wp-json\/wp\/v2\/pages\/275\/revisions"}],"predecessor-version":[{"id":698,"href":"https:\/\/www.saint-joseph-plabennec.org\/index.php\/wp-json\/wp\/v2\/pages\/275\/revisions\/698"}],"wp:attachment":[{"href":"https:\/\/www.saint-joseph-plabennec.org\/index.php\/wp-json\/wp\/v2\/media?parent=275"}],"curies":[{"name":"wp","href":"https:\/\/api.w.org\/{rel}","templated":true}]}}

<p>2025-26</p>



<p><a href="https://www.polarsteps.com/Stjodeutsch/24044928-erasmus-hambourg-2026">Suivez la mobilité à Hambourg</a> du 15 au 21 mars 2026</p>



<p><a href="https://www.polarsteps.com/CristinaGOMEZ10/24026904-hora-de-aventuras/216048293-saint-ave?s=1dd3e60c-4e04-4a2b-8283-7e690f3db110">Polarstep</a> de la mobilité à Séville du 8 au 13 février 2026</p>

<p>2025-26 Suivez la mobilité à Hambourg du 15 au 21 mars 2026 Polarstep de la mobilité à Séville du 8 au 13 février 2026</p>
